Let g be o(-6). Let q be (-3)/(-4) - (-18)/8. Suppose -q*u + 3 + g = 0. What is the units digit of u?
3
Suppose 8 = -4*l, 5*p - 12 - 6 = 4*l. Suppose p*i + r = 0, 6*r - r + 14 = -3*i. Suppose -4*j - u + 33 = 0, 3*j - 6 = i*u + u. What is the units digit of j?
7
Let v = -3 + 6. Suppose -v = -5*y + 27. What is the units digit of y?
6
Suppose 3*p = 7*p + 2*y - 40, 0 = 5*p - 3*y - 61. Let r = p - -2. What is the tens digit of r?
1
Suppose -n + j = 0, -2*j = -4*j - 4. Let a = -1 - n. What is the units digit of a?
1
Suppose -4*h + h = -6. Let c = 12 + -12. Let g = h + c. What is the units digit of g?
2
What is the tens digit of (-268)/(-7) + 6/(-21)?
3
Let i(m) = -m**3 + 10*m**2 - m - 9. What is the units digit of i(9)?
3
What is the tens digit of 47 + -2 - (-11)/11?
4
Let r = 237 + -153. What is the tens digit of r?
8
Let m = -40 - -56. Suppose 5*h - 4*b - 9 = 0, 3*b = -4*h + 4*b + m. Let l = -1 + h. What is the units digit of l?
4
Let v(q) = 23*q**2 + q + 3. What is the units digit of v(2)?
7
Let f = -175 + 270. Suppose 2*l = 7*l - f. What is the tens digit of l?
1
Let r(x) = -x**3 - x**2 - x + 13. Let g = 0 + 0. What is the units digit of r(g)?
3
Suppose 170 = 21*v - 16*v. What is the tens digit of v?
3
Suppose 4 = -2*p - 8. What is the units digit of ((-1)/(-2))/(p/(-72))?
6
Let k(g) = -4*g**3 - 5*g**2 - 3*g + 1. Let b(v) = -v**3 - v**2 - v. Let h(r) = 6*b(r) - k(r). What is the tens digit of h(-2)?
1
Let t be 76 - (-2 + 1 - -4). Suppose -t = -4*d + 3*v, -4*d + 5*v = -6*d + 17. What is the tens digit of d?
1
Let h be 1 + 5 + 2/1. What is the tens digit of (h + -4)/(2/9)?
1
Let g be 2/(-9) - 296/(-36). Let h(x) = x + 6. What is the tens digit of h(g)?
1
Let h(i) = -i**3 - 4*i**2 + 5*i. Let b be h(-5). Suppose b*u - 45 = -3*u. Suppose 5*s - u = -0*s. What is the units digit of s?
3
Let j(v) be the third derivative of -v**4/6 - 2*v**3/3 + 3*v**2. What is the units digit of j(-3)?
8
Let a be 2*(-3)/((-6)/7). Let x(g) = -g**3 + 6*g**2 + 10*g + 3. What is the units digit of x(a)?
4
Suppose -2*c = -3*c - 4*p + 13, 54 = 2*c + p. Let a = 58 - c. What is the units digit of a?
9
Let d(g) = -g**2 + 7*g + 9. Let t be d(8). Let k be 1 - -8 - 0/t. Suppose 0*l + l = k. What is the units digit of l?
9
Let v(c) = 9 + 0*c + 4*c - 3*c. What is the units digit of v(-7)?
2
Suppose -18 = m - 4*m. Suppose 4*v - 6*v + m = 0. Suppose -2*i + 28 = 2*p - 3*i, -p + 21 = v*i. What is the units digit of p?
5
Suppose 3*a + 5 = 4*a. Suppose 0 = a*h - 18 - 7. Let c = 4 + h. What is the units digit of c?
9
Suppose -u + 151 = 5. What is the hundreds digit of u?
1
Let m(f) = -f**3 + 12*f**2 + 4*f - 14. Let x be m(12). Let p = x - 9. Let v = p - 18. What is the units digit of v?
7
Let m(r) = r**3 - 6*r**2 + r - 1. Let j = 15 + -9. What is the units digit of m(j)?
5
Let m = 4 - 2. Let j(f) = f**3 - 3*f**2 + 3*f. Let v be j(m). Suppose -2*i + 48 = v*i. What is the units digit of i?
2
Suppose j - 4*y = 90, -j = -0*j - 3*y - 89. What is the units digit of j?
6
Let s = 10 - 6. Suppose -s*b + 39 = 5*o, -2*o + 4 = 2*b - 12. What is the units digit of o?
7
Suppose -9*u - 116 = -10*u. What is the tens digit of u?
1
Let u = -82 - -38. Let s = -31 - u. What is the tens digit of s?
1
Let v(z) be the first derivative of z**2 - 2*z + 3. What is the units digit of v(2)?
2
Let p be 4/6 + 2/(-3). Suppose -m - 6 = -3*j, 5*j + 5*m - 2 - 8 = p. What is the units digit of (-1)/(9/5 - j)?
5
Let g be (-1 - -1*2)*-3. Let r be (-1)/((g/2)/3). What is the units digit of 9/r*(-8)/(-12)?
3
Suppose -12 = 9*k - 6*k, -2*n + 32 = -k. What is the units digit of n?
4
Let y(x) = -x**2 - 37*x - 39. What is the units digit of y(-26)?
7
Suppose 2*c = -2*y - 4, -3*y + 0*y - 2*c - 1 = 0. Suppose 3*m - 44 = -2*k, -1 + y = 2*k. What is the units digit of m?
4
Suppose 0 = -2*o - 5*o + 336. What is the units digit of o?
8
Let k(n) = n**3 - 4*n**2 - 8*n + 2. What is the tens digit of k(6)?
2
What is the tens digit of (-2 - 1) + -5 + 44?
3
Let k(l) = 18*l**2 - l + 1. Let i be k(1). Suppose 16 = 4*d, 0*y + 2*d - 38 = 3*y. Let j = y + i. What is the units digit of j?
8
Let c(x) = 2*x**2 + 11*x + 10. What is the units digit of c(-7)?
1
Suppose 0 = 3*k + w - 9, 3*k = k + 5*w + 23. Suppose 182 = 4*l - 2*m, -5*m - 26 = -k*l + 147. What is the tens digit of l?
4
Let n = -156 - -345. What is the tens digit of n?
8
Let x(m) = -m + 1. Let d(f) = f**3 - f**2 - 7*f + 4. Let s(t) = d(t) - 6*x(t). What is the units digit of s(3)?
3
Let d(x) = x**3 - 6*x**2 - 3*x + 10. What is the units digit of d(7)?
8
Let w = -3 - -3. What is the units digit of 12*(9/6 + w)?
8
Let k be ((-4)/(-6))/((-1)/(-6)). Suppose 56 = -4*t - 4*z, -3*t + k*z + 6 = -2*t. What is the tens digit of t/(-15) - (-31)/3?
1
Let a(d) = -d**2 - 17*d - 22. Let r be a(-16). What is the units digit of ((-15)/r)/(5/50)?
5
Let o(y) = -y**2 + 4*y. Let p be o(2). Let x be 1/5 - (-5)/(-25). Let s = p - x. What is the units digit of s?
4
Let a be -7 - (-2 + 3 + -4). What is the units digit of (-13)/(-3) + a/(-6)?
5
Suppose -3*n + 20 = 2*i, -2*n + 4*i + 10 = -3*n. Let u = n + -4. What is the units digit of u?
6
Let f(p) = -2*p - 15. What is the units digit of f(-10)?
5
Suppose 0*f - 5 = -3*f - 4*v, 0 = -f - 3*v. What is the units digit of (f - -14)/(1/1)?
7
Let l be 1/(-4) - 21/(-4). Suppose w - l = 9. What is the tens digit of w?
1
Let k be 0/2 - 1/(-1). Let y = 3 + k. Suppose y + 12 = 4*t. What is the units digit of t?
4
Suppose -j = -3*f + 109, -4*f + 5*j + 138 = -0*j. What is the tens digit of f?
3
Let k = 3 - 4. Let w(h) = -17*h**2 + 1. Let y be w(k). Let z = -10 - y. What is the units digit of z?
6
Suppose 2*u = -3*u - 5. Let l(c) = -13*c + 1. Let r be l(u). Suppose 0 = 2*z + 2*h - 12, 4*h - r = -6. What is the units digit of z?
4
Suppose 0*o + o + 4*r - 4 = 0, 4*o = 3*r + 35. Suppose 0 = z - 5*z + o. Let j = z + -1. What is the units digit of j?
1
Suppose -6 = -4*x + 14. Suppose -4*v - 18 = c, -x*c = 3*v - 4 + 9. What is the tens digit of (13/(-2))/(c/(-4))?
1
Let h(o) = o - 12. Let s be h(0). Let q(p) = -p**3 - 12*p**2 - 3*p - 12. What is the units digit of q(s)?
4
Suppose -c = -3*w - 88, -5*c + w = 5*w - 516. What is the hundreds digit of c?
1
Let r(f) = -f**3 - 10*f**2 + 10*f - 13. Let g be r(-11). What is the tens digit of g/(-1) + 11 + 1?
1
Let u(q) = -5*q + 4. What is the units digit of u(-7)?
9
Let w(i) = 4*i - 3. Let v be w(6). Let p be (-150)/(-14) + 6/v. Suppose -4*s + 71 = p. What is the tens digit of s?
1
What is the tens digit of 12/(-18)*369/(-6)?
4
Let k(w) = -w**3 - 8*w**2 + 8*w - 9. Let i be k(-9). Let a be i*(-1)/(-3)*-1. Suppose a = p - 2 - 3. What is the units digit of p?
5
Let u(c) = -c**3 - c**2 + c + 2. Let d = 0 + 2. Let g(j) = -3*j + 3. Let x be g(d). What is the tens digit of u(x)?
1
Let u = 15 - -38. What is the tens digit of u?
5
Let b(x) = 16*x**2 - 4. What is the units digit of b(2)?
0
Let y be (-2)/4 + (-120)/16. Let b be (58/8)/(y/(-32)). Suppose 4*n = b - 1. What is the units digit of n?
7
Suppose 0 = 3*p - 9, -2*p + 15 = 3*k - 3*p. Let q be ((-3)/k)/(1/42). What is the units digit of 6/9*q/(-2)?
7
What is the hundreds digit of 217/(5/(-1 - -6))?
2
Let q(k) = k**2 + 1. Suppose 0 = -3*x - 0*x. Let w be q(x). Suppose -2*z + 3*z = w. What is the units digit of z?
1
Suppose 13 = r + 3. What is the units digit of r?
0
Suppose 4*h - 3 = 5. Let b be (-6)/h + (0 - -19). Suppose f = 3*f - b. What is the units digit of f?
8
Let v be 2 + (-3 - (-3)/1). Suppose -m = 2*m. Suppose m = -0*n - v*n + 20. What is the units digit of n?
0
Let c(u) = u**2 - 5*u - 9. Let n be c(7). Suppose -s + n + 5 = 0. What is the units digit of s?
0
Let i(l) = 2*l**3 + 22*l**2 + 5*l + 11. What is the hundreds digit of i(-9)?
2
Suppose -g + 7*g - 30 = 0. Suppose 0 = -0*q - g*q + 50. What is the tens digit of q?
1
Suppose 15*j - 1818 - 342 = 0. What is the hundreds digit of j?
1
Suppose 28 = -0*o + 2*o + 3*c, 4*o - 100 = 5*c. Suppose 6*z - 4*z + o = 0. What is the units digit of (-2)/z - (-4)/5?
1
Let y be -22*(4 + -3)*-1. Let z = -5 + 8. Suppose z*s - 4*q = 4*s - 19, -5*q + y = s. What is the units digit of s?
7
What is the units digit of 8/(-6) + -103*(-32)/24?
6
Let r(g) = g**2 + 5*g + 2. Suppose -8 = w - 3. Let n be r(w). Suppose 0 = -n*f - 6 + 16. What is the units digit of f?
